 is the thousands digit of 3034?
3
What is the units digit of 2826?
6
What is the ten thousands digit of 26168?
2
What is the ten thousands digit of 15650?
1
What is the units digit of 63334?
4
What is the units digit of 24?
4
What is the hundreds digit of 149?
1
What is the ten thousands digit of 22437?
2
What is the tens digit of 15013?
1
What is the thousands digit of 4961?
4
What is the units digit of 2853?
3
What is the hundreds digit of 8159?
1
What is the tens digit of 1394?
9
What is the tens digit of 1386?
8
What is the hundreds digit of 4240?
2
What is the hundreds digit of 1953?
9
What is the hundreds digit of 255?
2
What is the tens digit of 2550?
5
What is the hundreds digit of 3550?
5
What is the tens digit of 871?
7
What is the units digit of 311?
1
What is the units digit of 66618?
8
What is the thousands digit of 1022?
1
What is the tens digit of 654?
5
What is the units digit of 1472?
2
What is the hundreds digit of 1825?
8
What is the thousands digit of 10678?
0
What is the hundreds digit of 7452?
4
What is the hundreds digit of 436?
4
What is the units digit of 10311?
1
What is the ten thousands digit of 19894?
1
What is the hundreds digit of 560?
5
What is the tens digit of 259?
5
What is the hundreds digit of 60206?
2
What is the ten thousands digit of 21673?
2
What is the tens digit of 59934?
3
What is the units digit of 11233?
3
What is the thousands digit of 3327?
3
What is the hundreds digit of 5259?
2
What is the tens digit of 511?
1
What is the thousands digit of 15678?
5
What is the thousands digit of 1597?
1
What is the thousands digit of 3541?
3
What is the thousands digit of 60264?
0
What is the hundreds digit of 1456?
4
What is the hundreds digit of 14311?
3
What is the thousands digit of 22681?
2
What is the hundreds digit of 170?
1
What is the thousands digit of 11770?
1
What is the tens digit of 3352?
5
What is the tens digit of 873?
7
What is the units digit of 980?
0
What is the tens digit of 13986?
8
What is the hundreds digit of 748?
7
What is the hundreds digit of 968?
9
What is the units digit of 272?
2
What is the hundreds digit of 73051?
0
What is the ten thousands digit of 23771?
2
What is the tens digit of 25718?
1
What is the ten thousands digit of 49220?
4
What is the tens digit of 1716?
1
What is the thousands digit of 41875?
1
What is the hundreds digit of 484?
4
What is the hundreds digit of 26279?
2
What is the units digit of 4510?
0
What is the units digit of 989?
9
What is the tens digit of 17835?
3
What is the hundreds digit of 1694?
6
What is the thousands digit of 1527?
1
What is the ten thousands digit of 54255?
5
What is the tens digit of 393?
9
What is the tens digit of 358?
5
What is the units digit of 13660?
0
What is the hundreds digit of 2015?
0
What is the units digit of 3301?
1
What is the hundreds digit of 15390?
3
What is the units digit of 4846?
6
What is the tens digit of 136?
3
What is the tens digit of 6372?
7
What is the tens digit of 92816?
1
What is the thousands digit of 18721?
8
What is the units digit of 1657?
7
What is the ten thousands digit of 102341?
0
What is the tens digit of 8448?
4
What is the ten thousands digit of 13214?
1
What is the hundreds digit of 2313?
3
What is the units digit of 9165?
5
What is the tens digit of 11909?
0
What is the units digit of 326?
6
What is the units digit of 1399?
9
What is the units digit of 90608?
8
What is the thousands digit of 86297?
6
What is the tens digit of 2204?
0
What is the thousands digit of 28286?
8
What is the units digit of 264?
4
What is the hundreds digit of 106460?
4
What is the hundreds digit of 684?
6
What is the hundreds digit of 321?
3
What is the thousands digit of 2178?
2
What is the units digit of 60?
0
What is the tens digit of 24314?
1
What is the hundreds digit of 225?
2
What is the tens digit of 1393?
9
What is the tens digit of 86999?
9
What is the units digit of 5163?
3
What is the ten thousands digit of 25313?
2
What is the ten thousands digit of 24721?
2
What is the tens digit of 668?
6
What is the units digit of 65371?
1
What is the units digit of 630?
0
What is the thousands digit of 8018?
8
What is the units digit of 4604?
4
What is the units digit of 4880?
0
What is the tens digit of 2020?
2
What is the units digit of 3725?
5
What is the hundreds digit of 65757?
7
What is the tens digit of 108?
0
What is the hundreds digit of 1597?
5
What is the hundreds digit of 774?
7
What is the tens digit of 25768?
6
What is the ten thousands digit of 72144?
7
What is the tens digit of 666?
6
What is the thousands digit of 36059?
6
What is the units digit of 68268?
8
What is the tens digit of 3043?
4
What is the tens digit of 22620?
2
What is the hundreds digit of 47214?
2
What is the tens digit of 639?
3
What is the hundreds digit of 981?
9
What is the thousands digit of 1040?
1
What is the thousands digit of 8947?
8
What is the hundreds digit of 1453?
4
What is the hundreds digit of 2103?
1
What is the units digit of 1701?
1
What is the hundreds digit of 509?
5
What is the thousands digit of 9125?
9
What is the thousands digit of 50091?
0
What is the hundred thousands digit of 111536?
1
What is the units digit of 3274?
4
What is the thousands digit of 52379?
2
What is the tens digit of 1911?
1
What is the tens digit of 799?
9
What is the units digit of 7361?
1
What is the hundreds digit of 16898?
8
What is the hundreds digit of 3280?
2
What is the hundreds digit of 9112?
1
What is the tens digit of 11226?
2
What is the hundreds digit of 9976?
9
What is the tens digit of 36708?
0
What is the hundreds digit of 42769?
7
What is the units digit of 2034?
4
What is the hundreds digit of 142?
1
What is the tens digit of 24679?
7
What is the ten thousands digit of 84680?
8
What is the hundreds digit of 8416?
4
What is the thousands digit of 50996?
0
What is the hundreds digit of 1652?
6
What is the hundreds digit of 1723?
7
What is the hundreds digit of 23219?
2
What is the units digit of 19057?
7
What is the ten thousands digit of 16528?
1
What is the units digit of 5815?
5
What is the hundreds digit of 589?
5
What is the units digit of 647?
7
What is the hundreds digit of 6928?
9
What is the hundreds digit of 174109?
1
What is the thousands digit of 35110?
5
What is the units digit of 1866?
6
What is the ten thousands digit of 23319?
2
What is the hundreds digit of 1683?
6
What is the tens digit of 6421?
2
What is the thousands digit of 1963?
1
What is the tens digit of 129?
2
What is the hundreds digit of 416?
4
What is the ten thousands digit of 83266?
8
What is the units digit of 10017?
7
What is the tens digit of 722?
2
What is the hundreds digit of 10873?
8
What is the thousands digit of 42669?
2
What is the tens digit of 979?
7
What is the thousands digit of 35830?
5
What is the units digit of 5368?
8
What is the thousands digit of 13811?
3
What is the tens digit of 291?
9
What is the thousands digit of 1613?
1
What is the ten thousands digit of 26691?
2
What is the hundreds digit of 32260?
2
What is the hundreds digit of 1522?
5
What is the thousands digit of 34425?
4
What is the hundreds digit of 15659?
6
What is the units digit of 10909?
9
What is the thousands digit of 61745?
1
What is the hundreds digit of 99424?
4
What is the units digit of 2027?
7
What is the tens digit of 23814?
1
What is the hundreds digit of 38991?
9
What is the thousands digit of 4284?
4
What is the tens digit of 648?
4
What is the tens digit of 8750?
5
What is the hundreds digit of 1071?
0
What is the tens digit of 54444?
4
What is the hundreds digit of 114?
1
What is the tens digit of 5902?
0
What is the hundreds digit of 45265?
2
What is the tens digit of 18185?
8
What is the thousands digit of 60496?
0
What is the hundreds digit of 2708?
7
What is the tens digit of 497?
9
What is the thousands digit of 64771?
4
What is the tens digit of 2932?
3
What is the units digit of 1158?
8
What is the hundreds digit of 3917?
9
What is the tens digit of 14271?
7
What is the hundreds digit of 684?
6
What is the hundreds digit of 36724?
7
What is the units digit of 5003?
3
What is the tens digit of 1119?
1
What is the tens digit of 1601?
0
What is the units digit of 694?
4
What is the thousands digit of 49813?
9
What is the hun